{"id":1697,"date":"2024-02-13T16:44:57","date_gmt":"2024-02-13T13:44:57","guid":{"rendered":"https:\/\/cengizagirvasita.com\/?page_id=1697"},"modified":"2024-02-13T16:44:57","modified_gmt":"2024-02-13T13:44:57","slug":"cengiz-agirvasita-tamir-bakim-servisi-orginal-yedek-parca","status":"publish","type":"page","link":"https:\/\/cengizagirvasita.com\/index.php\/cengiz-agirvasita-tamir-bakim-servisi-orginal-yedek-parca\/","title":{"rendered":"CENG\u0130Z A\u011eIRVASITA TAM\u0130R BAKIM SERV\u0130S\u0130 ORG\u0130NAL YEDEK PARCA"},"content":{"rendered":"","protected":false},"excerpt":{"rendered":"","protected":false},"author":1,"featured_media":0,"parent":0,"menu_order":0,"comment_status":"closed","ping_status":"closed","template":"","meta":{"footnotes":""},"class_list":["post-1697","page","type-page","status-publish","hentry"],"_links":{"self":[{"href":"https:\/\/cengizagirvasita.com\/index.php\/wp-json\/wp\/v2\/pages\/1697","targetHints":{"allow":["GET"]}}],"collection":[{"href":"https:\/\/cengizagirvasita.com\/index.php\/wp-json\/wp\/v2\/pages"}],"about":[{"href":"https:\/\/cengizagirvasita.com\/index.php\/wp-json\/wp\/v2\/types\/page"}],"author":[{"embeddable":true,"href":"https:\/\/cengizagirvasita.com\/index.php\/wp-json\/wp\/v2\/users\/1"}],"replies":[{"embeddable":true,"href":"https:\/\/cengizagirvasita.com\/index.php\/wp-json\/wp\/v2\/comments?post=1697"}],"version-history":[{"count":1,"href":"https:\/\/cengizagirvasita.com\/index.php\/wp-json\/wp\/v2\/pages\/1697\/revisions"}],"predecessor-version":[{"id":1705,"href":"https:\/\/cengizagirvasita.com\/index.php\/wp-json\/wp\/v2\/pages\/1697\/revisions\/1705"}],"wp:attachment":[{"href":"https:\/\/cengizagirvasita.com\/index.php\/wp-json\/wp\/v2\/media?parent=1697"}],"curies":[{"name":"wp","href":"https:\/\/api.w.org\/{rel}","templated":true}]}}